 -7*z. Calculate the greatest common factor of 12 and z.
12
Suppose 0 = 4*p + 3*b - 0*b - 64, 17 = p + b. Suppose 5*h - p = 62. What is the highest common divisor of 10 and h?
5
Suppose -3*n - 1 = c, c - 1 = 2*n + 2*c. Suppose -5*g - 86 + 356 = n. Calculate the greatest common divisor of g and 9.
9
Let v(y) = -3*y + 72. Let m be v(-6). Calculate the greatest common divisor of 18 and m.
18
Suppose l + h - 117 = -2*h, -3*h = 4*l - 513. Suppose 5*o = 48 + l. Calculate the highest common divisor of 12 and o.
12
Let l = 1458 + -690. What is the greatest common divisor of l and 12?
12
Let z = -13 - 113. Let j = z + 137. Calculate the highest common divisor of 11 and j.
11
Suppose -15 = -2*z + 3*x - 0*x, -2*z + 2*x = -12. Suppose z*l = 2*l + 143. Calculate the greatest common factor of l and 13.
13
Let r = 1442 - 751. Suppose -r + 115 = -4*o. Let y = -8 - -24. What is the highest common factor of o and y?
16
Let t = 6 - -38. Let u be -10*(1 - -5)*(-121)/t. Calculate the highest common divisor of 15 and u.
15
Suppose -2*i + 84 = 6. Let c = -9 + 10. Let k be (2 + -1)/(c/13). Calculate the highest common factor of k and i.
13
Let j be 1 - 0 - (-27 - -10). Let f(q) = q - 33. Let c be f(0). Let d = -27 - c. What is the greatest common divisor of j and d?
6
Let q = -48 - 37. Suppose 0 = w + 7*w + 344. Let x = w - q. What is the highest common divisor of 28 and x?
14
Let r be (-2314)/(-14) - 2/7. Let g = -83 - -98. Suppose -30*v = -29*v - g. Calculate the greatest common factor of r and v.
15
Let q be (-2)/((4/(-70))/(1/5)). Let d(o) = -o**3 + 9*o**2 - 7*o - 6. Let f be d(8). Let s be 7/((-3 + f)/(-7)). What is the greatest common factor of q and s?
7
Suppose -14 = -c + 2*k, -3*c + k + 42 = -k. Let h = 14 - c. Suppose h*j = j - 308. What is the greatest common divisor of j and 28?
28
Suppose 0*w - 82 = -2*r - w, w + 118 = 3*r. Let t be r/(-6)*(-21)/2. Let i(d) = 9*d + 280. Let c be i(-30). What is the highest common divisor of t and c?
10
Suppose 4*j + a = -1, -2*a - 8 = 3*j - 1. Let y be -1 + 45 - (j + -3). Suppose 0 = 5*q - 64 - y. Calculate the highest common factor of 110 and q.
22
Let d = -9 - -12. Let x(g) = 3 - d + 6 + 13*g. Let s be x(3). What is the highest common divisor of s and 18?
9
Suppose -8*x + 194 = -6*x - 2*t, -x + 87 = -3*t. Calculate the greatest common divisor of 68 and x.
34
Suppose -40*w = -119 - 441. What is the greatest common divisor of w and 889?
7
Suppose -146 = -2*h + 1306. Calculate the highest common factor of h and 44.
22
Let c = -38 + 6. Let y be (-8)/c - (-165)/12. Calculate the highest common divisor of y and 42.
14
Let r = -560 + 573. Calculate the greatest common factor of r and 611.
13
Let n = -183 - -58. Let q = -109 - n. What is the greatest common factor of 2 and q?
2
Suppose -156 = 57*t - 58*t. Calculate the greatest common divisor of 858 and t.
78
Suppose 4*j - 2*d = 7*j - 556, -10 = -5*d. Calculate the highest common divisor of j and 115.
23
Let u = 989 + -974. Calculate the highest common divisor of u and 40.
5
Let x = 2 - 0. Suppose 5*i - j - 3*j - 322 = 0, -5*i - x*j = -334. Suppose 2*r = 0, -22 = -l - 0*r + 3*r. What is the highest common divisor of i and l?
22
Let o = -138 + 143. Let b(d) = -d**3 + 6*d**2 - d + 7. Let l be b(o). Calculate the highest common divisor of 45 and l.
9
Let f be ((-202)/(-8))/((-3)/(-12)). Let t be (f - 2) + -3 + 0. What is the greatest common factor of t and 32?
32
Let l(w) = -2*w - 3. Let b be l(-3). Suppose 5*h = -b*y + 51, 0 = y + 3*h - 7 - 14. What is the highest common factor of y and 108?
12
Let p be ((-36)/6)/((-3)/10). Let r = 28 + -18. Calculate the greatest common divisor of r and p.
10
Let o(t) = -t**2 - 18*t - 15. Let z be o(-17). Suppose 4*u - 2*f - 26 = 0, -u - z*u + 9 = 2*f. What is the highest common divisor of u and 25?
5
Let k be (4/8)/(6/36). Suppose -k*z - 5 = -14. What is the highest common divisor of 2 and z?
1
Suppose 253 + 608 = 3*x. Calculate the greatest common divisor of 14 and x.
7
Let c = -18 - -21. Suppose -3*d + 134 - 320 = -5*v, 4*v - 165 = -c*d. Let i = v - -24. What is the highest common divisor of i and 7?
7
Suppose 15*a = -2*s + 10*a + 82, 2*a = -2*s + 82. What is the highest common factor of 1312 and s?
41
Suppose 2*a - 235 = -3*j + 4*a, 0 = -j - 4*a + 97. Suppose -5*h + 3 + 134 = 2*s, 0 = h + s - 28. What is the highest common factor of j and h?
27
Let a = 1 + 1. Let k be (-26)/8*a*-2. Let d = -1647 - -1699. Calculate the greatest common divisor of d and k.
13
Let f(x) = 59*x**3 - 4*x**2 + 2*x + 1. Let i be f(1). What is the greatest common factor of i and 58?
58
Let p = -44 + 45. Let m = 14 - p. Let k(x) = x**3 + 10*x**2 + 4*x - 2. Let g be k(-7). Calculate the highest common divisor of g and m.
13
Let n(r) = -14*r + 237. Let o be n(-17). Calculate the greatest common factor of 38 and o.
19
Let i(p) = -4*p - 18. Let c be i(-17). Suppose t + 5*a - c = 0, 2*t + 5*a - 6 - 69 = 0. Calculate the greatest common divisor of t and 125.
25
Let f = -384 - -405. Calculate the greatest common divisor of f and 3.
3
Let c(h) = 2*h**3 + 87*h**2 - 47*h - 48. Let p be c(-44). Calculate the highest common divisor of p and 12.
12
Let l(i) be the first derivative of 2*i**2 - 2*i - 6. Suppose n + 12 = -4*s, s = 3*s + 8. Let h be l(n). What is the highest common divisor of h and 28?
14
Let d be 20/5 - 8/(-2). Suppose 5*g - 380 = -4*k, -3*g + k - 90 = -301. Calculate the greatest common divisor of g and d.
8
Let b = 45 - 24. Let s = b - 19. What is the highest common divisor of s and 14?
2
Let c(r) = -33*r**2 + 5*r - 6. Let d(k) = 67*k**2 - 11*k + 13. Let x(a) = -9*c(a) - 4*d(a). Let i be x(1). What is the highest common divisor of 20 and i?
10
Suppose -2*o - 2*o - 2566 = -5*z, -3*z - o = -1526. Calculate the highest common factor of 68 and z.
34
Suppose -6*b + 5*b - 410 = 0. Let p be 6/8 + b/(-40). What is the greatest common divisor of 121 and p?
11
Let h be 486/6 + -2 + 0. Let s = h - 44. Calculate the highest common divisor of 7 and s.
7
Suppose -3*m - 2351 = -2417. What is the greatest common factor of m and 1331?
11
Suppose 2*w - 2 = 10. Suppose -4*v + 26 = w. What is the highest common divisor of v and 55?
5
Suppose 3*p - 5*y = 9, p - 6*p + 15 = -2*y. What is the highest common divisor of p and 3?
3
Let t = -268 + 278. What is the greatest common factor of 390 and t?
10
Suppose -47*q - 504 = -55*q. Let g(s) = -s + 2. Let v be g(-5). What is the highest common divisor of v and q?
7
Let p be (-204)/8*(-36)/27. Let l be (-4)/(-14) + 582/21. Let o be 8/l - 355/(-7). Calculate the greatest common factor of o and p.
17
Let v = -109 + 261. What is the greatest common factor of 8 and v?
8
Let a = 525 + -221. Calculate the highest common factor of a and 19.
19
Suppose 0 = j - 2*j + 24. Suppose -11*l + 7*l = -j. Let a = l + 8. Calculate the highest common factor of 126 and a.
14
Let h = -6 - -9. Let s be 1/(h/51 - 0). Let x(j) = -17*j. Let i be x(-8). Calculate the greatest common factor of s and i.
17
Suppose 0*b + 285 = 5*u + 3*b, -3*u + 4*b + 200 = 0. Calculate the highest common divisor of u and 330.
30
Let t(k) = 5*k**2 - 18*k + 38. Let s be t(2). Suppose -22 = 4*h - 242. Calculate the greatest common factor of s and h.
11
Let l = -194 + 356. Suppose 8*y - l = 30. Let j = 136 + -76. Calculate the greatest common divisor of j and y.
12
Let d(b) = -509*b + 45. Let h be d(-3). What is the greatest common divisor of 12 and h?
12
Suppose 0 = -2*y + v - 300, -4*v = y + 15 + 117. Let a(l) = -9*l**2 + 5*l + 3. Let c be a(-5). Let z = y - c. Calculate the greatest common factor of 9 and z.
9
Let f(m) = 4*m**2 - 5*m + 9. Let c be f(8). Suppose -2*y = -3*w + 73, -7*w = -2*w + y - 126. Calculate the highest common factor of c and w.
25
Suppose d - n - 39 = 0, 3*d - 26*n + 31*n = 85. What is the highest common divisor of 245 and d?
35
Let b be -1*(-13 - -12)*23. What is the greatest common divisor of 161 and b?
23
Suppose 0 = -4*c + 5*c - 14. Suppose -34*s - 366 = -1794. Calculate the greatest common factor of s and c.
14
Let u be 32/(-56) - (-120)/14. Let d = 389 + -377. What is the highest common divisor of u and d?
4
Let o be (230/(-17 - -12))/((-1)/2). Calculate the greatest common factor of o and 184.
92
Let j = 95 + -17. What is the greatest common divisor of 91 and